(o). What is v(1)?
8
Let g(t) = 7*t**2 - 5*t - 3. Let n(f) = 9*f**2 - 6*f + 25*f + 14 - 10*f + f**3. Let m be n(-8). Let p(z) = -z**2 + 1. Let w(d) = m*p(d) + g(d). Calculate w(3).
-3
Let n(p) = p**3 + 5*p**2 - 10*p - 21. Let j(y) = y**3 + 13*y**2 - 67*y + 11. Let a be j(-17). What is n(a)?
3
Let f(i) = i**3 - 9*i**2 + 4*i - 2. Let n be f(8). Let l = 36 + n. Let b(k) = 6 + 9*k**l + 25*k**3 + 8*k - 16*k**3 - 8*k**3. Give b(-8).
6
Let s(k) = -k**3 + 3*k**2 + k - 2. Suppose 0 = -u - n - 3*n + 9, u = 5*n - 18. Let z be (12/u)/(0 + -2). Suppose -z = w - 0*w. Calculate s(w).
16
Suppose -4*y + 5*n = -72, 3*n + 51 = 698*y - 695*y. Let h(d) = -d**3 + 13*d**2 - 3*d + 36. Give h(y).
-3
Let a(z) = -2*z - 13. Let m(p) be the second derivative of p**3/6 + 7*p**2/2 - 9*p + 10. Let r(h) = -3*a(h) - 5*m(h). Determine r(5).
9
Let j(u) = -18*u - 534. Let t be j(-30). Suppose 0 = t*h - 9*h + 3. Let l(w) = -2*w - 4 - 7*w**2 + 3*w + 3. Determine l(h).
-7
Let h(x) = -x**3 + 10*x**2 - 14*x + 10. Let c(a) = 1. Let j(v) = -v + 2. Let k(t) = c(t) - j(t). Let y(p) = h(p) + 3*k(p). What is y(9)?
-11
Let b be (-2 - -2)/(-13 - -10). Let j(z) = 219*z - 141*z - 4 - 80*z. What is j(b)?
-4
Let j(v) = 4*v**3 + v. Let c(i) be the third derivative of i**4/24 + 29*i**3/6 - 35*i**2. Let x be c(-30). Determine j(x).
-5
Let d be (-6)/10*(-15)/1. Suppose 0 = p - 16 + d. Let t(w) = 5*w**2 + 6 - 6 - w**3 + p*w - 4. Give t(6).
2
Let f(l) be the third derivative of 7*l**4/8 - 737*l**3/6 + 12*l**2 + 79*l - 1. What is f(35)?
-2
Let w(g) = -g**2 + 14*g + 4. Suppose 0 = -l - 3*r, 3*r = 97*l - 96*l. What is w(l)?
4
Suppose -r = 2*b - 27, -4*b - 2*r - 2*r + 52 = 0. Let y(o) be the second derivative of o**4/12 - 7*o**3/3 + 5*o**2/2 - 10*o - 705. What is y(b)?
5
Let j = -9667/204 - -807/17. Let h(i) be the second derivative of 3*i**2 + 1/20*i**5 - j*i**4 + 0 + 24*i + 1/6*i**3. Calculate h(0).
6
Suppose -84 = -6*o - o. Let y be o/(-3)*1 - 1. Let z(b) = -5*b - 25*b**2 + 24*b**2 + b + 1. Calculate z(y).
-4
Let v(b) = -b**2 - 7*b + 2. Let w = -3857 - -3851. Give v(w).
8
Let y(q) = -127*q + 36*q - 42 + 36*q + 54*q. Calculate y(-15).
-27
Let s(j) = -6*j**3 + 8*j**2 - 64*j - 10. Let u(t) = 5*t**3 - 7*t**2 + 56*t + 10. Let x(f) = -6*s(f) - 7*u(f). Calculate x(-3).
-4
Let l be (-8 - 216/(-16))*-14. Suppose 4*m + 0*m = -j - 94, m - 291 = 4*j. Let g = j - l. Let r(x) = x**2 - 2*x. Determine r(g).
3
Let g(d) be the third derivative of d**5/60 + 35*d**4/24 + 65*d**3/6 - d**2 + 662. Determine g(-33).
-1
Let w = 435 + -427. Suppose -4*s - w = v, -5*v + 23 = 4*s + 15. Let n(b) = -b**3 - 4*b**2 + 3. Calculate n(s).
-6
Let v(s) = -10*s - 11. Let c(f) = -15*f - 10 + 27*f - 21*f. Let m(k) = -7*c(k) + 6*v(k). Suppose -5*l - 37 = 4*h, -3*h - 11 = l + 3. What is m(h)?
-5
Let x(s) = -s**2 - 7*s - 9. Suppose 4*v + 3*k + 253 = 6*v, 0 = 5*v + 2*k - 661. Let p = v + -137. Give x(p).
-3
Let m(p) = p - 2. Let j be (-6)/(-4)*(-24)/(-36). Let x(z) = -31. Let o(y) = j*x(y) - 5*m(y). Let g be o(-4). Let d(q) = -9*q**2 - q. Determine d(g).
-8
Let p be 10/6 + 2/6. Let n(d) = -4*d + d**2 - 1 + 3*d + p. Suppose j + 3 - 4 = 0. Calculate n(j).
1
Let s(t) be the second derivative of -t**5/20 - 2*t**4/3 + 7*t**2/2 + 89*t. Let p(u) = u**3 + 3*u**2 - u + 4. Let l be p(-4). Give s(l).
7
Let h = 12336 + -12308. Let a(y) = y**2 - 34*y + 172. What is a(h)?
4
Let n be 1*-5 - (-228)/(-76). Let f(b) = -b**3 - 6*b**2 + 18*b + 20. Determine f(n).
4
Let l(m) = 181*m + 364. Suppose -147*h + 203*h - 88 = 100*h. Calculate l(h).
2
Let p(g) = -g**2 + 2*g + 2. Let u be p(-2). Let y(z) = -8396 + 4*z - 8*z + 16790 - 8400. Give y(u).
18
Suppose 0 = -70*g - 32145 + 32215. Let v(r) = 75*r**2 + 10*r - 10. Calculate v(g).
75
Let p(c) = -c**2 + 4*c + 7. Let o = -233 - -357. Let z be o/4 + (-2 - -1). Suppose 0*n = 5*n - z. Give p(n).
-5
Let a(m) be the second derivative of m**4/24 + 3*m**3/2 - 70*m**2 - m - 39. Let c(i) be the first derivative of a(i). What is c(11)?
20
Let w(u) be the second derivative of 1/6*u**3 + u**2 + 0 + 329*u. Determine w(0).
2
Let l(a) be the third derivative of 0 + 1/120*a**6 + 0*a + 1/8*a**4 - 6*a**2 + 2/3*a**3 - 1/15*a**5. Let y be ((-1)/(20/(-24)))/(2/5). What is l(y)?
4
Let d(w) be the first derivative of w**3/3 + 7*w**2/2 - 6*w - 132. Let m = -8 - -5. Let n(x) = -x**2 - 2*x - 4. Let r be n(m). Determine d(r).
-6
Let s be 2 + 2 - (13 - 10). Let l(x) = -3. Let u(c) = -2*c. Let v(h) = -l(h) - 3*u(h). Determine v(s).
9
Let f(l) = -6*l**2 - 9*l + 4. Let s(v) = 1 - 2 + 5*v**2 - 2 + 6*v - v**2. Suppose 0 + 42 = 6*y. Let r(m) = y*s(m) + 5*f(m). Calculate r(-2).
-3
Suppose -m = -3*p - 13, -3*m + 2*p + 2*p + 44 = 0. Let j = m + -124. Let d be (-348)/j - (1 - 14/18). Let a(y) = 2*y**2 - 4*y - 1. Determine a(d).
5
Suppose -4*a - 4*x = -x - 23, a = 5*x. Suppose 12*k = -43 - a. Let o be ((-4)/9 + k/18)*9. Let d(s) = -2*s - 5. Determine d(o).
7
Let t(d) = d - 5 + 5. Let q = -81698 - -81705. Determine t(q).
7
Suppose -25*l = 19276 - 18901. Let j(g) = g**3 + 13*g**2 - 31*g - 14. Calculate j(l).
1
Let x(b) = -b**2 + b + 1. Let k(i) = 5*i**2 - 64*i - 21. Let h(s) = k(s) + 2*x(s). Let v be h(21). Let z(o) = o**2 + o - 2. Determine z(v).
4
Let f(o) = 355*o**2 + 354*o**2 - 710*o**2 - 12 - 10*o - 2. Let b be (1 - -11)*(1 - (-35)/(-20)). Calculate f(b).
-5
Let g(w) = 387*w**2 + 1 - 10*w**3 - 3*w + 9*w**3 - 394*w**2. Let k be -3 + (-8 - (-5 - 0)). Calculate g(k).
-17
Let w be (-6)/36 - (-121)/6. Let q = 26 - w. Suppose -q*p - 2 - 4 = 0. Let d(y) = -16*y**3 - y**2 - 2*y - 1. What is d(p)?
16
Suppose 33*z + 2200 = 67*z + 54*z. Let i(m) = -m**2 + 26*m - 33. Determine i(z).
-8
Let t(x) = -17*x**3 + 2*x - 1. Suppose -f - 3*y + 13 = 0, 6*f = 9*f + 5*y - 59. Suppose 5*m = -15, -2*k - 2*m - f + 24 = 0. Give t(k).
-16
Suppose 0 = 266*l - 228*l - 380. Let v(x) = -x**2 + 10*x + 7. Determine v(l).
7
Let g(q) be the third derivative of 0*q - 1/30*q**5 + 1/24*q**4 + 30 - 2*q**2 + 1/3*q**3. What is g(3)?
-13
Let t(q) = 9*q**3 + 21*q**2 - 19*q - 17. Let h(d) = 7*d**3 + 17*d**2 - 17*d - 17. Let a(x) = 5*h(x) - 4*t(x). Determine a(-3).
46
Let g(z) = z**3 + 6*z**2 - 8*z + 4. Let o be g(-7). Let s(f) = -7 + 10 + 5 - 3*f - 9*f + 9*f. Calculate s(o).
-25
Let f be (-6)/10 + 24/(-10). Let r(x) = -6*x + 4. Let l(o) = 11*o - 9. Let g(n) = f*l(n) - 5*r(n). Let j(k) = -k**3 - 5. Let p be j(0). Determine g(p).
22
Let h(q) = q - 1. Let s(m) = 3*m - 6. Let p(n) = -2*h(n) + s(n). Let v(t) = -t**3 + 2*t**2 + 3*t + 4. Let i be v(4). Let c be (-68)/i + 0 + (-1)/4. Give p(c).
0
Let c be (-3)/(3/30*-3). Let x(w) = -4*w**2 - 3*w**2 + 0 + 8*w**2 - 12*w + 14. What is x(c)?
-6
Let b = -109 + 103. Let l be 15/(-10)*8/b. Let o(h) = 9 + 8 + l*h - 21. Determine o(-3).
-10
Let m(a) = -2*a**2 + 32*a - 14. Let w be m(15). Let c(x) = -6*x**3 + 75*x + 84*x + w*x**3 - 160*x. Let v be (4/6)/(2/(-3)). Give c(v).
-9
Let b(h) = -858*h + 18 + 840*h - 25. What is b(-10)?
173
Let o(g) be the third derivative of -7*g**4/24 - g**3 + 955*g**2. Calculate o(-11).
71
Let w(p) = -4*p**2 + 5*p - 1. Suppose -t - k = 1, 5*t + 6 + 11 = -k. Let c = -3 + 0. Let d(f) = 5*f**2 - 5*f. Let n(u) = c*d(u) + t*w(u). What is n(3)?
-2
Let r be 0 + 5/10 - 9/(-6). Let w(z) = 431*z**r - z + 425*z**2 - 6*z**3 - 857*z**2 - 1. Determine w(-1).
5
Let x(w) = -w**3 - 4*w**2 - 3*w - 12. Let m be x(-5). Let q = m + -31. Let n be (-26)/30 - (q + (-94)/(-30)). Let h(d) = 5*d. Determine h(n).
-5
Let n(x) = x**3 - 4*x**2 - 5*x + 4. Let f(r) = 3*r**2 + 4*r + 1. Let l be (3 + (-14)/4)*-66. Suppose l*q - 32*q = -2. Let p be f(q). Determine n(p).
4
Let w(z) = -31*z - 2*z**2 + 22*z - 8*z + z**2 + 54 + 2*z**2. Calculate w(11).
-12
Let d(u) = u**2 - 32*u + 52. Let z(k) = -8*k**2 + 264*k - 416. Let i(c) = -17*d(c) - 2*z(c). What is i(12)?
-4
Let a(v) = -29*v**3 - 4*v - 5. Let q be a(-2). Let u = q - 225. Let h(s) = s**2 - 11*s + 7. What is h(u)?
-3
Let b(z) = z**3 - 14*z**2 - 13*z + 16. Let o(s) = -4*s**2 - 67*s + 186. Let j be o(-19). What is b(j)?
46
Suppose -5*g + 41*b - 38*b = 48, 0 = 5*g + 2*b - 7. Let a(l) = l + 3 + 1 + 6*l. Give a(g).
-17
Let v(b) = 15 - 9 - b + 14. Suppose -2*t + 5*o - o = 2, 0 = -2*o + 6. Suppose 4*r = -t*f - 16, -3*r = -r + 8. Determine v(f).
20
Let t(m) = -9*m. Let d(i) = 11*i + 2. Let l(c) = 3*d(c) + 4*t(c). Let s(j) = j**3 -